t is the remainder when b is divided by r?
10
Suppose 3*k = -0*k + 12. Let p(i) = -4*i - 2*i + k*i - 6 + 0*i. Calculate the remainder when 6 is divided by p(-5).
2
Let b = 13 - -15. Calculate the remainder when b is divided by 6.
4
Let q(v) be the first derivative of v**4/4 - 8*v**3/3 + 9*v**2/2 - 9*v - 1. Let s = 9 + -2. Calculate the remainder when 8 is divided by q(s).
3
What is the remainder when (-114)/(-24) - (-2)/8 is divided by 2?
1
Suppose -4*h = -406 - 246. Suppose 46 = -3*l + h. Calculate the remainder when l is divided by 20.
19
Let l(s) = s + 3 + 6*s - 2*s + 4*s**2. What is the remainder when l(-3) is divided by (-3)/12 + (-106)/(-8)?
11
Let t = 4 - 3. Calculate the remainder when t/(1*2/42) is divided by 11.
10
Suppose 5*v = 4 + 11. Suppose 4*z + 2 = -g + 3, 4*z + v = 3*g. Calculate the remainder when 11 is divided by 6/(g - 2/(-4)).
3
Suppose -2*l - 9 = -5*l - 2*g, -5*l + 3*g = 4. Calculate the remainder when 3 is divided by l.
0
Let u = 230 + -68. Calculate the remainder when u is divided by 15.
12
Suppose -5*v + 103 = 2*u, -u = -3*u + 8. What is the remainder when 54 is divided by v?
16
Let m be (-12)/(-3) - 4/2. Let s be (32/8)/(m/(-13)). Let r = s - -39. Calculate the remainder when r is divided by 5.
3
Let w be (0/(-4))/4 - 8. Let x(i) = i + 11. What is the remainder when 7 is divided by x(w)?
1
Let h = -2 + 4. Let m be 2 + h*-2 - -32. Let c = -19 + m. Calculate the remainder when 32 is divided by c.
10
Suppose -3*a + 0*a = -18. Let d(y) = -y**3 + 6*y**2 + 5*y - 7. Let u = 2 + 10. Calculate the remainder when d(a) is divided by u.
11
Suppose w - 16 = -0*w - 5*k, -104 = -5*w - k. What is the remainder when 41 is divided by w?
20
Suppose -4*j = -j - 27. Calculate the remainder when 15 is divided by j.
6
Suppose -p + 33 = -1. What is the remainder when p is divided by 20?
14
Let r(j) = -j**3 - 8*j**2 - 7*j + 10. Let k(m) = -3*m + 5. Let y be k(4). What is the remainder when r(y) is divided by (-3 + 7)*6/4?
4
Suppose -3*z + 0*i + 129 = -3*i, 5*i = -3*z + 145. Calculate the remainder when z is divided by 16.
13
Suppose -3*u - u = -8. Suppose -6 = -0*n - u*n - 3*l, 9 = 3*n + 3*l. What is the remainder when 11 is divided by n?
2
Suppose -4*t + 37 = 21. Calculate the remainder when 8 is divided by t.
0
Suppose -2*n - x = -2*x - 37, x + 73 = 4*n. What is the remainder when n is divided by 10?
8
Suppose -x = -0*x - 8. Suppose 0 = -4*s - 0*s + 56. What is the remainder when s is divided by x?
6
What is the remainder when 3 + 39 - 2 - -4 is divided by 16?
12
Let s = 23 - 12. Let c(x) = x**2 + 9*x + 22. Calculate the remainder when s is divided by c(-6).
3
Suppose 6*p = 46 - 16. Let y(h) = -h**3 - 2*h - 2. What is the remainder when y(-2) is divided by p?
0
Let j(a) = -8*a + 14. Calculate the remainder when j(-13) is divided by 25.
18
Let v be (-10)/(-6) + 1/3. Suppose v*s + 8 = 4*s. What is the remainder when 14 is divided by s?
2
Let t = 19 + -1. What is the remainder when 41 is divided by 246/t + (-2)/(-6)?
13
Let a be 1 + -2 + 12 + -8. Suppose 4*k + a = 63. Calculate the remainder when 42 is divided by k.
12
Let n = -4 + 7. Let j(c) = -n*c + 19*c + 0*c. Calculate the remainder when 47 is divided by j(1).
15
Let z be 1 + 3/((-6)/(-2)). Suppose z*k - 7 - 1 = 0. What is the remainder when 9 is divided by k?
1
Suppose 2*h + 5 = 1, -3*v + 4*h = -26. What is the remainder when 14 is divided by (-1 - 2)*(-10)/v?
4
Let n(b) be the second derivative of -2*b**3 + 2*b**2 + b. Calculate the remainder when n(-3) is divided by 12 - (-3 + 0 + 1).
12
Let w(s) = s. Let n be w(4). Let i = -8 + n. What is the remainder when i/22 + 145/11 is divided by 7?
6
Let i(x) = -x - 1. Let u be i(0). Suppose -2*z - 12 + 0 = 0. What is the remainder when 10 is divided by (u - z) + 2 - 1?
4
Suppose -4 = -3*i + i. What is the remainder when i is divided by 2?
0
Let r be ((-12)/(-10) + 0)*25. Let t = -19 + r. Calculate the remainder when t is divided by ((-4)/(-12))/((-2)/(-36)).
5
Suppose -m = 4*m + 30. Let x(w) = -w + 1. What is the remainder when 19 is divided by x(m)?
5
Suppose 0 = -6*s + 2*s + 2*m + 8, -5*m = -4*s + 8. Suppose s*r + 0*r - 33 = -3*u, 4*r + 2*u - 70 = 0. Calculate the remainder when 34 is divided by r.
16
Suppose 3*v = -2*r + 8 + 15, -5*r + 4*v + 23 = 0. Let a(c) = -11*c**3 + 2*c**2 + 2*c + 1. Calculate the remainder when a(-1) is divided by r.
5
Let j = 12 + 0. Let c(x) = -12*x - 2. What is the remainder when c(-3) is divided by j?
10
Suppose -4*w + 22 = -0*l + l, 4*w + 2 = 3*l. What is the remainder when 40 is divided by l?
4
Suppose 4*z = 1 - 9. Suppose -4*u + 0*u + 128 = 0. Calculate the remainder when u is divided by (z/6)/(8/(-408)).
15
What is the remainder when (-8)/(-48) - (-814)/12 is divided by 19?
11
Let c = 93 - -3. What is the remainder when c is divided by 14?
12
Suppose -3*a + 10 = 91. Let u = a + 39. What is the remainder when 45 is divided by u?
9
Suppose -3*n - 4*y = -53, 3*n - 2*n - 31 = 2*y. Calculate the remainder when 44 is divided by (n/(-4))/((-3)/12).
21
Calculate the remainder when -15 - -104 - (-2 - -2) is divided by 15.
14
Let h = 68 - 47. What is the remainder when 62 is divided by h?
20
Let l(j) = -j**2 + 12*j + 9. Calculate the remainder when 162 is divided by l(8).
39
Let z(h) = h**2 + 4*h + 10. Let b be z(-7). Suppose 5*j = b + 34. Let m = 0 + j. What is the remainder when 24 is divided by m?
11
Let c(n) = 2*n + 7. Let s be c(-5). Let a = s + 15. What is the remainder when 34 is divided by a?
10
Let l be (1 - 37) + (-2)/(-1). Let i be l/(-5) + 2/10. Suppose -i*f = 4*a - 2*f - 68, 76 = 5*a + 4*f. What is the remainder when a is divided by 7?
5
Let z(b) = -b - 6. Let n(u) = 4*u + 19. Let p(l) = -3*n(l) - 8*z(l). What is the remainder when p(-7) is divided by 11?
8
Suppose 0 = -4*x - 2*p + 150, 0 = x - 4*x - 4*p + 125. Calculate the remainder when x is divided by ((-38)/3)/((-24)/252*7).
16
Suppose -3*u - 3*i + 106 = i, u + 5*i - 28 = 0. Calculate the remainder when u is divided by 13.
12
Suppose -1 = 3*n + 5*u - 23, 5*u + 2 = 3*n. What is the remainder when n is divided by 4?
0
Let g be -1*(-2 - (8 - -1)). Suppose -2*k + 5*f = 21, 2*k = 5*k + 4*f - 3. Let p = k + g. What is the remainder when 14 is divided by p?
6
Let y = 45 - 26. Let u = 0 + y. Calculate the remainder when 55 is divided by u.
17
Let o = 112 + -109. Let i = -2 + 12. What is the remainder when i is divided by o?
1
Let f = 9 - 7. Suppose -9 + 1 = -4*y, f*y = -4*j + 64. Let h = j - 2. Calculate the remainder when 24 is divided by h.
11
Let s = 0 + 3. Suppose u - 3*g + 4*g = s, -5*u = -2*g - 8. Calculate the remainder when 3 is divided by u.
1
Let u be 0/(-4 - -2 - -1). Let s = u + 2. Calculate the remainder when s is divided by 1.
0
Let r(s) = s**2 + 0*s**3 - 6*s**3 - 1 + 3*s**3. Let d be r(-1). Calculate the remainder when -2 - (5 - d - 47) is divided by 11.
10
Suppose 5*z - 2*z = 6. Suppose t - 2 = -x, -5*t = -4*x - 0*x - 10. What is the remainder when z is divided by t?
0
Calculate the remainder when 129 is divided by -26*3/(-18)*3.
12
Suppose 0 = 5*k - 0*k - 4*z, -z - 7 = -3*k. Suppose -k = c - 36. Calculate the remainder when 63 is divided by c.
31
Let b = -11 + -3. What is the remainder when 10 is divided by (-2)/(b/6 - -2)?
4
Suppose -66 - 14 = -10*b. Let g(k) = -k**3 - 2*k**2 - 5*k - 2. Let t be (6/4)/((-1)/2). Calculate the remainder when g(t) is divided by b.
6
Let x = -10 - -33. Suppose 4*l = -0*z - 2*z + 10, 4*l - 4*z - 28 = 0. Suppose -x - 33 = -l*y. What is the remainder when 27 is divided by y?
13
Let h(j) = -j**2 - 2*j. Let s be h(2). Calculate the remainder when 29 is divided by ((-10)/s)/(1/8).
9
Let w be ((-2)/(-4))/(1/4). Let d(q) = -q**2 - 2*q + 6. Let l be d(-3). Suppose 7 = l*r - w. Calculate the remainder when 4 is divided by r.
1
Suppose -4*u + 0*u = -316. What is the remainder when u is divided by 16?
15
Let g(u) = 19*u + 2. Let y(v) = v**2 + 8*v - 8. Let p(d) = -1. Let a(n) = 4*p(n) - y(n). Calculate the remainder when g(3) is divided by a(-4).
19
What is the remainder when ((-62)/5)/(11/(-55)) is divided by 16?
14
Let u = 9 - 4. Suppose g - u = -1. Let x(c) = -c**3 - 3*c**2 - 2*c + 2. What is the remainder when g is divided by x(-2)?
0
Let c(x) = x**3 + 5*x**2 - 6*x + 4. Let j be c(-6). Let z be j/(-18) + 276/27. Suppo